{"id":28,"date":"2025-06-18T17:51:37","date_gmt":"2025-06-18T17:51:37","guid":{"rendered":"https:\/\/2024-2027.difcdfdz.gob.mx\/?page_id=28"},"modified":"2025-11-14T16:17:02","modified_gmt":"2025-11-14T16:17:02","slug":"transparencia","status":"publish","type":"page","link":"https:\/\/2024-2027.difcdfdz.gob.mx\/?page_id=28","title":{"rendered":"TRANSPARENCIA SMDIF CIUDAD FERN\u00c1NDEZ S.L.P."},"content":{"rendered":"\n<p class=\"has-medium-font-size\"><strong>Plataformas de Transparencia y Rendici\u00f3n de Cuentas.<\/strong><\/p>\n\n\n\n<figure class=\"wp-block-table\"><table class=\"has-fixed-layout\"><tbody><tr><td><a href=\"http:\/\/www.plataformadetransparencia.org.mx\" target=\"_blank\" rel=\"noreferrer noopener\"><img loading=\"lazy\" decoding=\"async\" width=\"300\" height=\"143\" class=\"wp-image-48\" style=\"width: 300px;\" src=\"https:\/\/2024-2027.difcdfdz.gob.mx\/wp-content\/uploads\/2025\/06\/pnt_link.png\" alt=\"\" srcset=\"https:\/\/2024-2027.difcdfdz.gob.mx\/wp-content\/uploads\/2025\/06\/pnt_link.png 769w, https:\/\/2024-2027.difcdfdz.gob.mx\/wp-content\/uploads\/2025\/06\/pnt_link-300x143.png 300w\" sizes=\"auto, (max-width: 300px) 100vw, 300px\" \/><\/a><\/td><td><a href=\"http:\/\/www.pets.org.mx\" target=\"_blank\" rel=\"noreferrer noopener\"><img loading=\"lazy\" decoding=\"async\" width=\"300\" height=\"143\" class=\"wp-image-49\" style=\"width: 300px;\" src=\"https:\/\/2024-2027.difcdfdz.gob.mx\/wp-content\/uploads\/2025\/06\/pets_link.png\" alt=\"\" srcset=\"https:\/\/2024-2027.difcdfdz.gob.mx\/wp-content\/uploads\/2025\/06\/pets_link.png 769w, https:\/\/2024-2027.difcdfdz.gob.mx\/wp-content\/uploads\/2025\/06\/pets_link-300x143.png 300w\" sizes=\"auto, (max-width: 300px) 100vw, 300px\" \/><\/a><\/td><td><a href=\"http:\/\/www.cegaipslp.org.mx\" target=\"_blank\" rel=\"noreferrer noopener\"><img loading=\"lazy\" decoding=\"async\" width=\"300\" height=\"143\" class=\"wp-image-50\" style=\"width: 300px;\" src=\"https:\/\/2024-2027.difcdfdz.gob.mx\/wp-content\/uploads\/2025\/06\/cegaip_link.png\" alt=\"\" srcset=\"https:\/\/2024-2027.difcdfdz.gob.mx\/wp-content\/uploads\/2025\/06\/cegaip_link.png 769w, https:\/\/2024-2027.difcdfdz.gob.mx\/wp-content\/uploads\/2025\/06\/cegaip_link-300x143.png 300w\" sizes=\"auto, (max-width: 300px) 100vw, 300px\" \/><\/a><\/td><\/tr><\/tbody><\/table><\/figure>\n\n\n\n<p class=\"has-medium-font-size\"><strong>Informes de Actividades<\/strong>.<\/p>\n\n\n\n<p>Administraci\u00f3n 2024-2027.<\/p>\n\n\n\n<figure class=\"wp-block-table\"><table class=\"has-fixed-layout\"><tbody><tr><td><a href=\"https:\/\/2024-2027.difcdfdz.gob.mx\/Docs\/PRIMER_INFORME_DIF_2427.pdf\"><img loading=\"lazy\" decoding=\"async\" width=\"350\" height=\"167\" class=\"wp-image-629\" style=\"width: 350px;\" src=\"https:\/\/2024-2027.difcdfdz.gob.mx\/wp-content\/uploads\/2025\/11\/1erInforme2427.png\" alt=\"\" srcset=\"https:\/\/2024-2027.difcdfdz.gob.mx\/wp-content\/uploads\/2025\/11\/1erInforme2427.png 769w, https:\/\/2024-2027.difcdfdz.gob.mx\/wp-content\/uploads\/2025\/11\/1erInforme2427-300x143.png 300w\" sizes=\"auto, (max-width: 350px) 100vw, 350px\" \/><\/a><\/td><td><\/td><td><\/td><\/tr><\/tbody><\/table><\/figure>\n\n\n\n<p>Administraci\u00f3n 2021-2024.<\/p>\n\n\n\n<figure class=\"wp-block-table\"><table class=\"has-fixed-layout\"><tbody><tr><td><a href=\"https:\/\/2024-2027.difcdfdz.gob.mx\/Docs\/primerinforme2124dif.pdf\" target=\"_blank\" rel=\"noreferrer noopener\"><img loading=\"lazy\" decoding=\"async\" width=\"300\" height=\"205\" class=\"wp-image-72\" style=\"width: 300px;\" src=\"https:\/\/2024-2027.difcdfdz.gob.mx\/wp-content\/uploads\/2025\/06\/logo1id.png\" alt=\"\" srcset=\"https:\/\/2024-2027.difcdfdz.gob.mx\/wp-content\/uploads\/2025\/06\/logo1id.png 550w, https:\/\/2024-2027.difcdfdz.gob.mx\/wp-content\/uploads\/2025\/06\/logo1id-300x205.png 300w\" sizes=\"auto, (max-width: 300px) 100vw, 300px\" \/><\/a><\/td><td><a href=\"https:\/\/2024-2027.difcdfdz.gob.mx\/Docs\/segundoinforme2124dif.pdf\" target=\"_blank\" rel=\"noreferrer noopener\"><img loading=\"lazy\" decoding=\"async\" width=\"300\" height=\"232\" class=\"wp-image-53\" style=\"width: 300px;\" src=\"https:\/\/2024-2027.difcdfdz.gob.mx\/wp-content\/uploads\/2025\/06\/logo2id-scaled.png\" alt=\"\" srcset=\"https:\/\/2024-2027.difcdfdz.gob.mx\/wp-content\/uploads\/2025\/06\/logo2id-scaled.png 2560w, https:\/\/2024-2027.difcdfdz.gob.mx\/wp-content\/uploads\/2025\/06\/logo2id-300x232.png 300w, https:\/\/2024-2027.difcdfdz.gob.mx\/wp-content\/uploads\/2025\/06\/logo2id-1024x791.png 1024w, https:\/\/2024-2027.difcdfdz.gob.mx\/wp-content\/uploads\/2025\/06\/logo2id-768x593.png 768w, https:\/\/2024-2027.difcdfdz.gob.mx\/wp-content\/uploads\/2025\/06\/logo2id-1536x1187.png 1536w, https:\/\/2024-2027.difcdfdz.gob.mx\/wp-content\/uploads\/2025\/06\/logo2id-2048x1583.png 2048w\" sizes=\"auto, (max-width: 300px) 100vw, 300px\" \/><\/a><\/td><td><a href=\"https:\/\/2024-2027.difcdfdz.gob.mx\/Docs\/tercerinforme2124dif.pdf\" target=\"_blank\" rel=\"noreferrer noopener\"><img loading=\"lazy\" decoding=\"async\" width=\"300\" height=\"215\" class=\"wp-image-71\" style=\"width: 300px;\" src=\"https:\/\/2024-2027.difcdfdz.gob.mx\/wp-content\/uploads\/2025\/06\/logo3id.png\" alt=\"\" srcset=\"https:\/\/2024-2027.difcdfdz.gob.mx\/wp-content\/uploads\/2025\/06\/logo3id.png 550w, https:\/\/2024-2027.difcdfdz.gob.mx\/wp-content\/uploads\/2025\/06\/logo3id-300x215.png 300w\" sizes=\"auto, (max-width: 300px) 100vw, 300px\" \/><\/a><\/td><\/tr><\/tbody><\/table><\/figure>\n\n\n\n<p><\/p>\n","protected":false},"excerpt":{"rendered":"<p>Plataformas de Transparencia y Rendici\u00f3n de Cuentas. Informes de Actividades. Administraci\u00f3n 2024-2027. Administraci\u00f3n 2021-2024.<\/p>\n","protected":false},"author":2,"featured_media":0,"parent":0,"menu_order":0,"comment_status":"closed","ping_status":"closed","template":"","meta":{"_uag_custom_page_level_css":"","footnotes":""},"class_list":["post-28","page","type-page","status-publish","hentry"],"uagb_featured_image_src":{"full":false,"thumbnail":false,"medium":false,"medium_large":false,"large":false,"1536x1536":false,"2048x2048":false,"newsmatic-featured":false,"newsmatic-list":false,"newsmatic-thumb":false,"newsmatic-small":false,"newsmatic-grid":false},"uagb_author_info":{"display_name":"Sistema Municipal para el Desarrollo Integral de la Familia de Ciudad Fern\u00e1ndez, S.L.P.","author_link":"https:\/\/2024-2027.difcdfdz.gob.mx\/?author=2"},"uagb_comment_info":0,"uagb_excerpt":"Plataformas de Transparencia y Rendici\u00f3n de Cuentas. Informes de Actividades. Administraci\u00f3n 2024-2027. Administraci\u00f3n 2021-2024.","_links":{"self":[{"href":"https:\/\/2024-2027.difcdfdz.gob.mx\/index.php?rest_route=\/wp\/v2\/pages\/28","targetHints":{"allow":["GET"]}}],"collection":[{"href":"https:\/\/2024-2027.difcdfdz.gob.mx\/index.php?rest_route=\/wp\/v2\/pages"}],"about":[{"href":"https:\/\/2024-2027.difcdfdz.gob.mx\/index.php?rest_route=\/wp\/v2\/types\/page"}],"author":[{"embeddable":true,"href":"https:\/\/2024-2027.difcdfdz.gob.mx\/index.php?rest_route=\/wp\/v2\/users\/2"}],"replies":[{"embeddable":true,"href":"https:\/\/2024-2027.difcdfdz.gob.mx\/index.php?rest_route=%2Fwp%2Fv2%2Fcomments&post=28"}],"version-history":[{"count":11,"href":"https:\/\/2024-2027.difcdfdz.gob.mx\/index.php?rest_route=\/wp\/v2\/pages\/28\/revisions"}],"predecessor-version":[{"id":631,"href":"https:\/\/2024-2027.difcdfdz.gob.mx\/index.php?rest_route=\/wp\/v2\/pages\/28\/revisions\/631"}],"wp:attachment":[{"href":"https:\/\/2024-2027.difcdfdz.gob.mx\/index.php?rest_route=%2Fwp%2Fv2%2Fmedia&parent=28"}],"curies":[{"name":"wp","href":"https:\/\/api.w.org\/{rel}","templated":true}]}}