{"id":26,"date":"2025-06-18T17:51:13","date_gmt":"2025-06-18T17:51:13","guid":{"rendered":"https:\/\/2024-2027.difcdfdz.gob.mx\/?page_id=26"},"modified":"2025-06-23T19:29:04","modified_gmt":"2025-06-23T19:29:04","slug":"tramites-y-servicios","status":"publish","type":"page","link":"https:\/\/2024-2027.difcdfdz.gob.mx\/?page_id=26","title":{"rendered":"TRAMITES Y SERVICIOS"},"content":{"rendered":"\n<p>\ud835\udc00\ud835\udc29\ud835\udc2b\ud835\udc28\ud835\udc2f\ud835\udc1e\ud835\udc1c\ud835\udc21\ud835\udc1a \ud835\udc25\ud835\udc28\ud835\udc2c \ud835\udc2c\ud835\udc1e\ud835\udc2b\ud835\udc2f\ud835\udc22\ud835\udc1c\ud835\udc22\ud835\udc28\ud835\udc2c \ud835\udc29\ud835\udc1e\ud835\udc2b\ud835\udc26\ud835\udc1a\ud835\udc27\ud835\udc1e\ud835\udc27\ud835\udc2d\ud835\udc1e\ud835\udc2c \ud835\udc2a\ud835\udc2e\ud835\udc1e \ud835\udc29\ud835\udc2e\ud835\udc1e\ud835\udc1d\ud835\udc1e\ud835\udc2c \ud835\udc1e\ud835\udc27\ud835\udc1c\ud835\udc28\ud835\udc27\ud835\udc2d\ud835\udc2b\ud835\udc1a\ud835\udc2b \ud835\udc1e\ud835\udc27 \ud835\udc1e\ud835\udc25 \ud835\udc12\ud835\udc0c\ud835\udc03\ud835\udc08\ud835\udc05 \ud835\udc1d\ud835\udc1e \ud835\udc02\ud835\udc22\ud835\udc2e\ud835\udc1d\ud835\udc1a\ud835\udc1d \ud835\udc05\ud835\udc1e\ud835\udc2b\ud835\udc27\ud835\udc1a\u0301\ud835\udc27\ud835\udc1d\ud835\udc1e\ud835\udc33. <img loading=\"lazy\" decoding=\"async\" height=\"16\" width=\"16\" alt=\"\u2728\" src=\"https:\/\/static.xx.fbcdn.net\/images\/emoji.php\/v9\/tf4\/1\/16\/2728.png\"><\/p>\n\n\n\n<p>El Sistema Municipal DIF de Ciudad Fern\u00e1ndez, presidido por la C. Rosaura <a><\/a>Ponce Tapia, pone a tu disposici\u00f3n una amplia gama de tr\u00e1mites y servicios dise\u00f1ados para atender las necesidades de la comunidad fernandense con el m\u00e1s alto nivel de profesionalismo y calidad humana.<\/p>\n\n\n\n<p>Nuestro compromiso es brindar apoyo integral a las familias, promoviendo el bienestar social y mejorando la calidad de vida de todos los ciudadanos.<\/p>\n\n\n\n<figure class=\"wp-block-gallery has-nested-images columns-default is-cropped wp-block-gallery-1 is-layout-flex wp-block-gallery-is-layout-flex\">\n<figure data-wp-context=\"{&quot;imageId&quot;:&quot;69d0d2550aaff&quot;}\" data-wp-interactive=\"core\/image\" data-wp-key=\"69d0d2550aaff\" class=\"wp-block-image size-large wp-lightbox-container\"><img loading=\"lazy\" decoding=\"async\" width=\"792\" height=\"1024\" data-wp-class--hide=\"state.isContentHidden\" data-wp-class--show=\"state.isContentVisible\" data-wp-init=\"callbacks.setButtonStyles\" data-wp-on--click=\"actions.showLightbox\" data-wp-on--load=\"callbacks.setButtonStyles\" data-wp-on-window--resize=\"callbacks.setButtonStyles\" data-id=\"159\" src=\"https:\/\/2024-2027.difcdfdz.gob.mx\/wp-content\/uploads\/2025\/06\/01-792x1024.jpg\" alt=\"\" class=\"wp-image-159\" srcset=\"https:\/\/2024-2027.difcdfdz.gob.mx\/wp-content\/uploads\/2025\/06\/01-792x1024.jpg 792w, https:\/\/2024-2027.difcdfdz.gob.mx\/wp-content\/uploads\/2025\/06\/01-232x300.jpg 232w, https:\/\/2024-2027.difcdfdz.gob.mx\/wp-content\/uploads\/2025\/06\/01-768x994.jpg 768w, https:\/\/2024-2027.difcdfdz.gob.mx\/wp-content\/uploads\/2025\/06\/01-1187x1536.jpg 1187w, https:\/\/2024-2027.difcdfdz.gob.mx\/wp-content\/uploads\/2025\/06\/01.jpg 1583w\" sizes=\"auto, (max-width: 792px) 100vw, 792px\" \/><button\n\t\t\tclass=\"lightbox-trigger\"\n\t\t\ttype=\"button\"\n\t\t\taria-haspopup=\"dialog\"\n\t\t\taria-label=\"Agrandar\"\n\t\t\tdata-wp-init=\"callbacks.initTriggerButton\"\n\t\t\tdata-wp-on--click=\"actions.showLightbox\"\n\t\t\tdata-wp-style--right=\"state.imageButtonRight\"\n\t\t\tdata-wp-style--top=\"state.imageButtonTop\"\n\t\t>\n\t\t\t<svg xmlns=\"http:\/\/www.w3.org\/2000\/svg\" width=\"12\" height=\"12\" fill=\"none\" viewBox=\"0 0 12 12\">\n\t\t\t\t<path fill=\"#fff\" d=\"M2 0a2 2 0 0 0-2 2v2h1.5V2a.5.5 0 0 1 .5-.5h2V0H2Zm2 10.5H2a.5.5 0 0 1-.5-.5V8H0v2a2 2 0 0 0 2 2h2v-1.5ZM8 12v-1.5h2a.5.5 0 0 0 .5-.5V8H12v2a2 2 0 0 1-2 2H8Zm2-12a2 2 0 0 1 2 2v2h-1.5V2a.5.5 0 0 0-.5-.5H8V0h2Z\" \/>\n\t\t\t<\/svg>\n\t\t<\/button><\/figure>\n\n\n\n<figure data-wp-context=\"{&quot;imageId&quot;:&quot;69d0d2550b39c&quot;}\" data-wp-interactive=\"core\/image\" data-wp-key=\"69d0d2550b39c\" class=\"wp-block-image size-large wp-lightbox-container\"><img loading=\"lazy\" decoding=\"async\" width=\"792\" height=\"1024\" data-wp-class--hide=\"state.isContentHidden\" data-wp-class--show=\"state.isContentVisible\" data-wp-init=\"callbacks.setButtonStyles\" data-wp-on--click=\"actions.showLightbox\" data-wp-on--load=\"callbacks.setButtonStyles\" data-wp-on-window--resize=\"callbacks.setButtonStyles\" data-id=\"160\" src=\"https:\/\/2024-2027.difcdfdz.gob.mx\/wp-content\/uploads\/2025\/06\/1-792x1024.jpg\" alt=\"\" class=\"wp-image-160\" srcset=\"https:\/\/2024-2027.difcdfdz.gob.mx\/wp-content\/uploads\/2025\/06\/1-792x1024.jpg 792w, https:\/\/2024-2027.difcdfdz.gob.mx\/wp-content\/uploads\/2025\/06\/1-232x300.jpg 232w, https:\/\/2024-2027.difcdfdz.gob.mx\/wp-content\/uploads\/2025\/06\/1-768x994.jpg 768w, https:\/\/2024-2027.difcdfdz.gob.mx\/wp-content\/uploads\/2025\/06\/1-1187x1536.jpg 1187w, https:\/\/2024-2027.difcdfdz.gob.mx\/wp-content\/uploads\/2025\/06\/1.jpg 1583w\" sizes=\"auto, (max-width: 792px) 100vw, 792px\" \/><button\n\t\t\tclass=\"lightbox-trigger\"\n\t\t\ttype=\"button\"\n\t\t\taria-haspopup=\"dialog\"\n\t\t\taria-label=\"Agrandar\"\n\t\t\tdata-wp-init=\"callbacks.initTriggerButton\"\n\t\t\tdata-wp-on--click=\"actions.showLightbox\"\n\t\t\tdata-wp-style--right=\"state.imageButtonRight\"\n\t\t\tdata-wp-style--top=\"state.imageButtonTop\"\n\t\t>\n\t\t\t<svg xmlns=\"http:\/\/www.w3.org\/2000\/svg\" width=\"12\" height=\"12\" fill=\"none\" viewBox=\"0 0 12 12\">\n\t\t\t\t<path fill=\"#fff\" d=\"M2 0a2 2 0 0 0-2 2v2h1.5V2a.5.5 0 0 1 .5-.5h2V0H2Zm2 10.5H2a.5.5 0 0 1-.5-.5V8H0v2a2 2 0 0 0 2 2h2v-1.5ZM8 12v-1.5h2a.5.5 0 0 0 .5-.5V8H12v2a2 2 0 0 1-2 2H8Zm2-12a2 2 0 0 1 2 2v2h-1.5V2a.5.5 0 0 0-.5-.5H8V0h2Z\" \/>\n\t\t\t<\/svg>\n\t\t<\/button><\/figure>\n\n\n\n<figure data-wp-context=\"{&quot;imageId&quot;:&quot;69d0d2550bbb2&quot;}\" data-wp-interactive=\"core\/image\" data-wp-key=\"69d0d2550bbb2\" class=\"wp-block-image size-large wp-lightbox-container\"><img loading=\"lazy\" decoding=\"async\" width=\"792\" height=\"1024\" data-wp-class--hide=\"state.isContentHidden\" data-wp-class--show=\"state.isContentVisible\" data-wp-init=\"callbacks.setButtonStyles\" data-wp-on--click=\"actions.showLightbox\" data-wp-on--load=\"callbacks.setButtonStyles\" data-wp-on-window--resize=\"callbacks.setButtonStyles\" data-id=\"161\" src=\"https:\/\/2024-2027.difcdfdz.gob.mx\/wp-content\/uploads\/2025\/06\/2-792x1024.jpg\" alt=\"\" class=\"wp-image-161\" srcset=\"https:\/\/2024-2027.difcdfdz.gob.mx\/wp-content\/uploads\/2025\/06\/2-792x1024.jpg 792w, https:\/\/2024-2027.difcdfdz.gob.mx\/wp-content\/uploads\/2025\/06\/2-232x300.jpg 232w, https:\/\/2024-2027.difcdfdz.gob.mx\/wp-content\/uploads\/2025\/06\/2-768x994.jpg 768w, https:\/\/2024-2027.difcdfdz.gob.mx\/wp-content\/uploads\/2025\/06\/2-1187x1536.jpg 1187w, https:\/\/2024-2027.difcdfdz.gob.mx\/wp-content\/uploads\/2025\/06\/2.jpg 1583w\" sizes=\"auto, (max-width: 792px) 100vw, 792px\" \/><button\n\t\t\tclass=\"lightbox-trigger\"\n\t\t\ttype=\"button\"\n\t\t\taria-haspopup=\"dialog\"\n\t\t\taria-label=\"Agrandar\"\n\t\t\tdata-wp-init=\"callbacks.initTriggerButton\"\n\t\t\tdata-wp-on--click=\"actions.showLightbox\"\n\t\t\tdata-wp-style--right=\"state.imageButtonRight\"\n\t\t\tdata-wp-style--top=\"state.imageButtonTop\"\n\t\t>\n\t\t\t<svg xmlns=\"http:\/\/www.w3.org\/2000\/svg\" width=\"12\" height=\"12\" fill=\"none\" viewBox=\"0 0 12 12\">\n\t\t\t\t<path fill=\"#fff\" d=\"M2 0a2 2 0 0 0-2 2v2h1.5V2a.5.5 0 0 1 .5-.5h2V0H2Zm2 10.5H2a.5.5 0 0 1-.5-.5V8H0v2a2 2 0 0 0 2 2h2v-1.5ZM8 12v-1.5h2a.5.5 0 0 0 .5-.5V8H12v2a2 2 0 0 1-2 2H8Zm2-12a2 2 0 0 1 2 2v2h-1.5V2a.5.5 0 0 0-.5-.5H8V0h2Z\" \/>\n\t\t\t<\/svg>\n\t\t<\/button><\/figure>\n\n\n\n<figure data-wp-context=\"{&quot;imageId&quot;:&quot;69d0d2550c46f&quot;}\" data-wp-interactive=\"core\/image\" data-wp-key=\"69d0d2550c46f\" class=\"wp-block-image size-large wp-lightbox-container\"><img loading=\"lazy\" decoding=\"async\" width=\"792\" height=\"1024\" data-wp-class--hide=\"state.isContentHidden\" data-wp-class--show=\"state.isContentVisible\" data-wp-init=\"callbacks.setButtonStyles\" data-wp-on--click=\"actions.showLightbox\" data-wp-on--load=\"callbacks.setButtonStyles\" data-wp-on-window--resize=\"callbacks.setButtonStyles\" data-id=\"163\" src=\"https:\/\/2024-2027.difcdfdz.gob.mx\/wp-content\/uploads\/2025\/06\/3-792x1024.jpg\" alt=\"\" class=\"wp-image-163\" srcset=\"https:\/\/2024-2027.difcdfdz.gob.mx\/wp-content\/uploads\/2025\/06\/3-792x1024.jpg 792w, https:\/\/2024-2027.difcdfdz.gob.mx\/wp-content\/uploads\/2025\/06\/3-232x300.jpg 232w, https:\/\/2024-2027.difcdfdz.gob.mx\/wp-content\/uploads\/2025\/06\/3-768x994.jpg 768w, https:\/\/2024-2027.difcdfdz.gob.mx\/wp-content\/uploads\/2025\/06\/3-1187x1536.jpg 1187w, https:\/\/2024-2027.difcdfdz.gob.mx\/wp-content\/uploads\/2025\/06\/3.jpg 1583w\" sizes=\"auto, (max-width: 792px) 100vw, 792px\" \/><button\n\t\t\tclass=\"lightbox-trigger\"\n\t\t\ttype=\"button\"\n\t\t\taria-haspopup=\"dialog\"\n\t\t\taria-label=\"Agrandar\"\n\t\t\tdata-wp-init=\"callbacks.initTriggerButton\"\n\t\t\tdata-wp-on--click=\"actions.showLightbox\"\n\t\t\tdata-wp-style--right=\"state.imageButtonRight\"\n\t\t\tdata-wp-style--top=\"state.imageButtonTop\"\n\t\t>\n\t\t\t<svg xmlns=\"http:\/\/www.w3.org\/2000\/svg\" width=\"12\" height=\"12\" fill=\"none\" viewBox=\"0 0 12 12\">\n\t\t\t\t<path fill=\"#fff\" d=\"M2 0a2 2 0 0 0-2 2v2h1.5V2a.5.5 0 0 1 .5-.5h2V0H2Zm2 10.5H2a.5.5 0 0 1-.5-.5V8H0v2a2 2 0 0 0 2 2h2v-1.5ZM8 12v-1.5h2a.5.5 0 0 0 .5-.5V8H12v2a2 2 0 0 1-2 2H8Zm2-12a2 2 0 0 1 2 2v2h-1.5V2a.5.5 0 0 0-.5-.5H8V0h2Z\" \/>\n\t\t\t<\/svg>\n\t\t<\/button><\/figure>\n\n\n\n<figure data-wp-context=\"{&quot;imageId&quot;:&quot;69d0d2550d003&quot;}\" data-wp-interactive=\"core\/image\" data-wp-key=\"69d0d2550d003\" class=\"wp-block-image size-large wp-lightbox-container\"><img loading=\"lazy\" decoding=\"async\" width=\"1583\" height=\"2048\" data-wp-class--hide=\"state.isContentHidden\" data-wp-class--show=\"state.isContentVisible\" data-wp-init=\"callbacks.setButtonStyles\" data-wp-on--click=\"actions.showLightbox\" data-wp-on--load=\"callbacks.setButtonStyles\" data-wp-on-window--resize=\"callbacks.setButtonStyles\" data-id=\"162\" src=\"https:\/\/2024-2027.difcdfdz.gob.mx\/wp-content\/uploads\/2025\/06\/4-792x1024.jpg\" alt=\"\" class=\"wp-image-162\" srcset=\"https:\/\/2024-2027.difcdfdz.gob.mx\/wp-content\/uploads\/2025\/06\/4-792x1024.jpg 792w, https:\/\/2024-2027.difcdfdz.gob.mx\/wp-content\/uploads\/2025\/06\/4-232x300.jpg 232w, https:\/\/2024-2027.difcdfdz.gob.mx\/wp-content\/uploads\/2025\/06\/4-768x994.jpg 768w, https:\/\/2024-2027.difcdfdz.gob.mx\/wp-content\/uploads\/2025\/06\/4-1187x1536.jpg 1187w, https:\/\/2024-2027.difcdfdz.gob.mx\/wp-content\/uploads\/2025\/06\/4.jpg 1583w\" sizes=\"auto, (max-width: 1583px) 100vw, 1583px\" \/><button\n\t\t\tclass=\"lightbox-trigger\"\n\t\t\ttype=\"button\"\n\t\t\taria-haspopup=\"dialog\"\n\t\t\taria-label=\"Agrandar\"\n\t\t\tdata-wp-init=\"callbacks.initTriggerButton\"\n\t\t\tdata-wp-on--click=\"actions.showLightbox\"\n\t\t\tdata-wp-style--right=\"state.imageButtonRight\"\n\t\t\tdata-wp-style--top=\"state.imageButtonTop\"\n\t\t>\n\t\t\t<svg xmlns=\"http:\/\/www.w3.org\/2000\/svg\" width=\"12\" height=\"12\" fill=\"none\" viewBox=\"0 0 12 12\">\n\t\t\t\t<path fill=\"#fff\" d=\"M2 0a2 2 0 0 0-2 2v2h1.5V2a.5.5 0 0 1 .5-.5h2V0H2Zm2 10.5H2a.5.5 0 0 1-.5-.5V8H0v2a2 2 0 0 0 2 2h2v-1.5ZM8 12v-1.5h2a.5.5 0 0 0 .5-.5V8H12v2a2 2 0 0 1-2 2H8Zm2-12a2 2 0 0 1 2 2v2h-1.5V2a.5.5 0 0 0-.5-.5H8V0h2Z\" \/>\n\t\t\t<\/svg>\n\t\t<\/button><\/figure>\n\n\n\n<figure data-wp-context=\"{&quot;imageId&quot;:&quot;69d0d2550da19&quot;}\" data-wp-interactive=\"core\/image\" data-wp-key=\"69d0d2550da19\" class=\"wp-block-image size-large wp-lightbox-container\"><img loading=\"lazy\" decoding=\"async\" width=\"792\" height=\"1024\" data-wp-class--hide=\"state.isContentHidden\" data-wp-class--show=\"state.isContentVisible\" data-wp-init=\"callbacks.setButtonStyles\" data-wp-on--click=\"actions.showLightbox\" data-wp-on--load=\"callbacks.setButtonStyles\" data-wp-on-window--resize=\"callbacks.setButtonStyles\" data-id=\"164\" src=\"https:\/\/2024-2027.difcdfdz.gob.mx\/wp-content\/uploads\/2025\/06\/5-792x1024.jpg\" alt=\"\" class=\"wp-image-164\" srcset=\"https:\/\/2024-2027.difcdfdz.gob.mx\/wp-content\/uploads\/2025\/06\/5-792x1024.jpg 792w, https:\/\/2024-2027.difcdfdz.gob.mx\/wp-content\/uploads\/2025\/06\/5-232x300.jpg 232w, https:\/\/2024-2027.difcdfdz.gob.mx\/wp-content\/uploads\/2025\/06\/5-768x994.jpg 768w, https:\/\/2024-2027.difcdfdz.gob.mx\/wp-content\/uploads\/2025\/06\/5-1187x1536.jpg 1187w, https:\/\/2024-2027.difcdfdz.gob.mx\/wp-content\/uploads\/2025\/06\/5.jpg 1583w\" sizes=\"auto, (max-width: 792px) 100vw, 792px\" \/><button\n\t\t\tclass=\"lightbox-trigger\"\n\t\t\ttype=\"button\"\n\t\t\taria-haspopup=\"dialog\"\n\t\t\taria-label=\"Agrandar\"\n\t\t\tdata-wp-init=\"callbacks.initTriggerButton\"\n\t\t\tdata-wp-on--click=\"actions.showLightbox\"\n\t\t\tdata-wp-style--right=\"state.imageButtonRight\"\n\t\t\tdata-wp-style--top=\"state.imageButtonTop\"\n\t\t>\n\t\t\t<svg xmlns=\"http:\/\/www.w3.org\/2000\/svg\" width=\"12\" height=\"12\" fill=\"none\" viewBox=\"0 0 12 12\">\n\t\t\t\t<path fill=\"#fff\" d=\"M2 0a2 2 0 0 0-2 2v2h1.5V2a.5.5 0 0 1 .5-.5h2V0H2Zm2 10.5H2a.5.5 0 0 1-.5-.5V8H0v2a2 2 0 0 0 2 2h2v-1.5ZM8 12v-1.5h2a.5.5 0 0 0 .5-.5V8H12v2a2 2 0 0 1-2 2H8Zm2-12a2 2 0 0 1 2 2v2h-1.5V2a.5.5 0 0 0-.5-.5H8V0h2Z\" \/>\n\t\t\t<\/svg>\n\t\t<\/button><\/figure>\n\n\n\n<figure data-wp-context=\"{&quot;imageId&quot;:&quot;69d0d2550e2f2&quot;}\" data-wp-interactive=\"core\/image\" data-wp-key=\"69d0d2550e2f2\" class=\"wp-block-image size-large wp-lightbox-container\"><img loading=\"lazy\" decoding=\"async\" width=\"792\" height=\"1024\" data-wp-class--hide=\"state.isContentHidden\" data-wp-class--show=\"state.isContentVisible\" data-wp-init=\"callbacks.setButtonStyles\" data-wp-on--click=\"actions.showLightbox\" data-wp-on--load=\"callbacks.setButtonStyles\" data-wp-on-window--resize=\"callbacks.setButtonStyles\" data-id=\"166\" src=\"https:\/\/2024-2027.difcdfdz.gob.mx\/wp-content\/uploads\/2025\/06\/6-792x1024.jpg\" alt=\"\" class=\"wp-image-166\" srcset=\"https:\/\/2024-2027.difcdfdz.gob.mx\/wp-content\/uploads\/2025\/06\/6-792x1024.jpg 792w, https:\/\/2024-2027.difcdfdz.gob.mx\/wp-content\/uploads\/2025\/06\/6-232x300.jpg 232w, https:\/\/2024-2027.difcdfdz.gob.mx\/wp-content\/uploads\/2025\/06\/6-768x994.jpg 768w, https:\/\/2024-2027.difcdfdz.gob.mx\/wp-content\/uploads\/2025\/06\/6-1187x1536.jpg 1187w, https:\/\/2024-2027.difcdfdz.gob.mx\/wp-content\/uploads\/2025\/06\/6.jpg 1583w\" sizes=\"auto, (max-width: 792px) 100vw, 792px\" \/><button\n\t\t\tclass=\"lightbox-trigger\"\n\t\t\ttype=\"button\"\n\t\t\taria-haspopup=\"dialog\"\n\t\t\taria-label=\"Agrandar\"\n\t\t\tdata-wp-init=\"callbacks.initTriggerButton\"\n\t\t\tdata-wp-on--click=\"actions.showLightbox\"\n\t\t\tdata-wp-style--right=\"state.imageButtonRight\"\n\t\t\tdata-wp-style--top=\"state.imageButtonTop\"\n\t\t>\n\t\t\t<svg xmlns=\"http:\/\/www.w3.org\/2000\/svg\" width=\"12\" height=\"12\" fill=\"none\" viewBox=\"0 0 12 12\">\n\t\t\t\t<path fill=\"#fff\" d=\"M2 0a2 2 0 0 0-2 2v2h1.5V2a.5.5 0 0 1 .5-.5h2V0H2Zm2 10.5H2a.5.5 0 0 1-.5-.5V8H0v2a2 2 0 0 0 2 2h2v-1.5ZM8 12v-1.5h2a.5.5 0 0 0 .5-.5V8H12v2a2 2 0 0 1-2 2H8Zm2-12a2 2 0 0 1 2 2v2h-1.5V2a.5.5 0 0 0-.5-.5H8V0h2Z\" \/>\n\t\t\t<\/svg>\n\t\t<\/button><\/figure>\n\n\n\n<figure data-wp-context=\"{&quot;imageId&quot;:&quot;69d0d2550eb4a&quot;}\" data-wp-interactive=\"core\/image\" data-wp-key=\"69d0d2550eb4a\" class=\"wp-block-image size-large wp-lightbox-container\"><img loading=\"lazy\" decoding=\"async\" width=\"792\" height=\"1024\" data-wp-class--hide=\"state.isContentHidden\" data-wp-class--show=\"state.isContentVisible\" data-wp-init=\"callbacks.setButtonStyles\" data-wp-on--click=\"actions.showLightbox\" data-wp-on--load=\"callbacks.setButtonStyles\" data-wp-on-window--resize=\"callbacks.setButtonStyles\" data-id=\"165\" src=\"https:\/\/2024-2027.difcdfdz.gob.mx\/wp-content\/uploads\/2025\/06\/7-792x1024.jpg\" alt=\"\" class=\"wp-image-165\" srcset=\"https:\/\/2024-2027.difcdfdz.gob.mx\/wp-content\/uploads\/2025\/06\/7-792x1024.jpg 792w, https:\/\/2024-2027.difcdfdz.gob.mx\/wp-content\/uploads\/2025\/06\/7-232x300.jpg 232w, https:\/\/2024-2027.difcdfdz.gob.mx\/wp-content\/uploads\/2025\/06\/7-768x994.jpg 768w, https:\/\/2024-2027.difcdfdz.gob.mx\/wp-content\/uploads\/2025\/06\/7-1187x1536.jpg 1187w, https:\/\/2024-2027.difcdfdz.gob.mx\/wp-content\/uploads\/2025\/06\/7.jpg 1583w\" sizes=\"auto, (max-width: 792px) 100vw, 792px\" \/><button\n\t\t\tclass=\"lightbox-trigger\"\n\t\t\ttype=\"button\"\n\t\t\taria-haspopup=\"dialog\"\n\t\t\taria-label=\"Agrandar\"\n\t\t\tdata-wp-init=\"callbacks.initTriggerButton\"\n\t\t\tdata-wp-on--click=\"actions.showLightbox\"\n\t\t\tdata-wp-style--right=\"state.imageButtonRight\"\n\t\t\tdata-wp-style--top=\"state.imageButtonTop\"\n\t\t>\n\t\t\t<svg xmlns=\"http:\/\/www.w3.org\/2000\/svg\" width=\"12\" height=\"12\" fill=\"none\" viewBox=\"0 0 12 12\">\n\t\t\t\t<path fill=\"#fff\" d=\"M2 0a2 2 0 0 0-2 2v2h1.5V2a.5.5 0 0 1 .5-.5h2V0H2Zm2 10.5H2a.5.5 0 0 1-.5-.5V8H0v2a2 2 0 0 0 2 2h2v-1.5ZM8 12v-1.5h2a.5.5 0 0 0 .5-.5V8H12v2a2 2 0 0 1-2 2H8Zm2-12a2 2 0 0 1 2 2v2h-1.5V2a.5.5 0 0 0-.5-.5H8V0h2Z\" \/>\n\t\t\t<\/svg>\n\t\t<\/button><\/figure>\n<\/figure>\n","protected":false},"excerpt":{"rendered":"<p>\ud835\udc00\ud835\udc29\ud835\udc2b\ud835\udc28\ud835\udc2f\ud835\udc1e\ud835\udc1c\ud835\udc21\ud835\udc1a \ud835\udc25\ud835\udc28\ud835\udc2c \ud835\udc2c\ud835\udc1e\ud835\udc2b\ud835\udc2f\ud835\udc22\ud835\udc1c\ud835\udc22\ud835\udc28\ud835\udc2c \ud835\udc29\ud835\udc1e\ud835\udc2b\ud835\udc26\ud835\udc1a\ud835\udc27\ud835\udc1e\ud835\udc27\ud835\udc2d\ud835\udc1e\ud835\udc2c \ud835\udc2a\ud835\udc2e\ud835\udc1e \ud835\udc29\ud835\udc2e\ud835\udc1e\ud835\udc1d\ud835\udc1e\ud835\udc2c \ud835\udc1e\ud835\udc27\ud835\udc1c\ud835\udc28\ud835\udc27\ud835\udc2d\ud835\udc2b\ud835\udc1a\ud835\udc2b \ud835\udc1e\ud835\udc27 \ud835\udc1e\ud835\udc25 \ud835\udc12\ud835\udc0c\ud835\udc03\ud835\udc08\ud835\udc05 \ud835\udc1d\ud835\udc1e \ud835\udc02\ud835\udc22\ud835\udc2e\ud835\udc1d\ud835\udc1a\ud835\udc1d \ud835\udc05\ud835\udc1e\ud835\udc2b\ud835\udc27\ud835\udc1a\u0301\ud835\udc27\ud835\udc1d\ud835\udc1e\ud835\udc33. El Sistema Municipal DIF de Ciudad Fern\u00e1ndez, presidido por la C. Rosaura Ponce Tapia, pone a tu disposici\u00f3n una amplia gama de tr\u00e1mites y servicios dise\u00f1ados para atender las necesidades de la comunidad fernandense con el m\u00e1s alto nivel de profesionalismo y&#8230;<\/p>\n","protected":false},"author":2,"featured_media":0,"parent":0,"menu_order":0,"comment_status":"closed","ping_status":"closed","template":"","meta":{"_uag_custom_page_level_css":"","footnotes":""},"class_list":["post-26","page","type-page","status-publish","hentry"],"uagb_featured_image_src":{"full":false,"thumbnail":false,"medium":false,"medium_large":false,"large":false,"1536x1536":false,"2048x2048":false,"newsmatic-featured":false,"newsmatic-list":false,"newsmatic-thumb":false,"newsmatic-small":false,"newsmatic-grid":false},"uagb_author_info":{"display_name":"Sistema Municipal para el Desarrollo Integral de la Familia de Ciudad Fern\u00e1ndez, S.L.P.","author_link":"https:\/\/2024-2027.difcdfdz.gob.mx\/?author=2"},"uagb_comment_info":0,"uagb_excerpt":"\ud835\udc00\ud835\udc29\ud835\udc2b\ud835\udc28\ud835\udc2f\ud835\udc1e\ud835\udc1c\ud835\udc21\ud835\udc1a \ud835\udc25\ud835\udc28\ud835\udc2c \ud835\udc2c\ud835\udc1e\ud835\udc2b\ud835\udc2f\ud835\udc22\ud835\udc1c\ud835\udc22\ud835\udc28\ud835\udc2c \ud835\udc29\ud835\udc1e\ud835\udc2b\ud835\udc26\ud835\udc1a\ud835\udc27\ud835\udc1e\ud835\udc27\ud835\udc2d\ud835\udc1e\ud835\udc2c \ud835\udc2a\ud835\udc2e\ud835\udc1e \ud835\udc29\ud835\udc2e\ud835\udc1e\ud835\udc1d\ud835\udc1e\ud835\udc2c \ud835\udc1e\ud835\udc27\ud835\udc1c\ud835\udc28\ud835\udc27\ud835\udc2d\ud835\udc2b\ud835\udc1a\ud835\udc2b \ud835\udc1e\ud835\udc27 \ud835\udc1e\ud835\udc25 \ud835\udc12\ud835\udc0c\ud835\udc03\ud835\udc08\ud835\udc05 \ud835\udc1d\ud835\udc1e \ud835\udc02\ud835\udc22\ud835\udc2e\ud835\udc1d\ud835\udc1a\ud835\udc1d \ud835\udc05\ud835\udc1e\ud835\udc2b\ud835\udc27\ud835\udc1a\u0301\ud835\udc27\ud835\udc1d\ud835\udc1e\ud835\udc33. El Sistema Municipal DIF de Ciudad Fern\u00e1ndez, presidido por la C. Rosaura Ponce Tapia, pone a tu disposici\u00f3n una amplia gama de tr\u00e1mites y servicios dise\u00f1ados para atender las necesidades de la comunidad fernandense con el m\u00e1s alto nivel de profesionalismo y...","_links":{"self":[{"href":"https:\/\/2024-2027.difcdfdz.gob.mx\/index.php?rest_route=\/wp\/v2\/pages\/26","targetHints":{"allow":["GET"]}}],"collection":[{"href":"https:\/\/2024-2027.difcdfdz.gob.mx\/index.php?rest_route=\/wp\/v2\/pages"}],"about":[{"href":"https:\/\/2024-2027.difcdfdz.gob.mx\/index.php?rest_route=\/wp\/v2\/types\/page"}],"author":[{"embeddable":true,"href":"https:\/\/2024-2027.difcdfdz.gob.mx\/index.php?rest_route=\/wp\/v2\/users\/2"}],"replies":[{"embeddable":true,"href":"https:\/\/2024-2027.difcdfdz.gob.mx\/index.php?rest_route=%2Fwp%2Fv2%2Fcomments&post=26"}],"version-history":[{"count":2,"href":"https:\/\/2024-2027.difcdfdz.gob.mx\/index.php?rest_route=\/wp\/v2\/pages\/26\/revisions"}],"predecessor-version":[{"id":167,"href":"https:\/\/2024-2027.difcdfdz.gob.mx\/index.php?rest_route=\/wp\/v2\/pages\/26\/revisions\/167"}],"wp:attachment":[{"href":"https:\/\/2024-2027.difcdfdz.gob.mx\/index.php?rest_route=%2Fwp%2Fv2%2Fmedia&parent=26"}],"curies":[{"name":"wp","href":"https:\/\/api.w.org\/{rel}","templated":true}]}}